{"id":204,"date":"2023-09-25T12:46:59","date_gmt":"2023-09-25T12:46:59","guid":{"rendered":"https:\/\/zusammenlesen.mur.at\/?page_id=204"},"modified":"2023-09-29T10:39:19","modified_gmt":"2023-09-29T10:39:19","slug":"zl-x-glaserne-texte","status":"publish","type":"page","link":"https:\/\/zusammenlesen.mur.at\/index.php\/termine\/zl-x-glaserne-texte\/","title":{"rendered":"zl x gl\u00e4serne texte: 21.09.23"},"content":{"rendered":"\n<p>Am Donnerstag, 21. September 2023, waren bei uns die Gl\u00e4sernen Texte aus Wien, auch eine Unabh\u00e4ngige Lesereihe von Laura Untner und Julius Handl, zu Gast.&nbsp;<\/p>\n\n\n\n<p>Sie stellten aus der k\u00fcrzlich erschienenen Anthologie zu den Gl\u00e4sernen Texte &#8220;Gl\u00e4sern und Gl\u00e4nzen&#8221; (erschienen bei @lexliszt12) Beitr\u00e4ge vor.<br>Dabei lasen die Autor*innen Timo Brandt, Frieda Paris und Julius Handl.<\/p>\n\n\n\n<p><strong>\u00dcber die Autor*innen:<\/strong><br>Frieda Paris, geboren 1986 in Ulm. Lebt in Wien, schreibt Lyrik und H\u00f6rspiele. Studien in Wien und Paris (BA in Sprachkunst, BA in Theater,- Film- und Medienwissenschaft). Ver\u00f6ffentlicht in Anthologien, Zeitschriften, Radio, zuletzt: HERZBEFELLT, ein Nachrufen (R: Ulrike Haage, DLF Kultur 2022). Lesungen u.a. bei Meine drei Lyrischen Ichs (M\u00fcnchen), Land in Sicht (K\u00f6ln), Mondmeer &amp; Margu\u00e9rite (Wien), Literaturfest Salzburg. Finalistin des 28. Open Mike (Berlin). Stipendiatin der Literarmechana 2022. Im Fr\u00fchjahr 2024 erscheint ihr Deb\u00fct NACHWASSER bei Azur (Dresden\/Berlin).<\/p>\n\n\n\n<p>Timo Brandt wurde 1992 in D\u00fcsseldorf geboren. Von 2014-2018 Studium am Institut f\u00fcr Sprachkunst an der Universit\u00e4t f\u00fcr angewandte Kunst in Wien, Abschluss BA. War Literatur-Rezensent beim signaturen-magazin.de und f\u00fcr die Zeitschriften Zwischenwelt, Kolik, Literatur und Kritik, jetzt vor allem f\u00fcr den Instagram-Channel @lyristix. F\u00fcnf eigenst\u00e4ndige Gedichtb\u00e4nde, zuletzt \u201eDas Gegenteil von Showdown\u201c, Limbus Verlag 2020. Er war Artist in Residence beim PROSANOVA 17 und Tr\u00e4ger des Gisela-Scherer-Stipendiums 2019. Im Wintersemester 2020\/21 war er Lektor und Dozent am Institut f\u00fcr Sprachkunst an der Universit\u00e4t f\u00fcr angewandte Kunst in Wien.<br>Instagram: @brandt_timo, Website:&nbsp;<a href=\"http:\/\/lyrikpoemversgedicht.wordpress.com\/?fbclid=IwAR03VLSuLysCYT4Prhwqsdl2s8EXSJLbQWG9n0XyvhIQVFA-gQf6S43KY3Y\" rel=\"noreferrer noopener\" target=\"_blank\">lyrikpoemversgedicht.wordpress.com<\/a><\/p>\n\n\n\n<p>Julius Handl wurde 1995 in Wien geboren. Studierte Komparatistik und Politikwissenschaft an der Universit\u00e4t Wien und Sciences Po Paris. Gr\u00fcnder und Mit-Veranstalter der Lesereihe Gl\u00e4serne Texte. Ver\u00f6ffentlichungen in verschiedenen Magazinen, darunter &amp;radieschen und manuskripte. Unterschiedliche Arbeiten am und im Theater. Gemeinsam mit Laura Untner Herausgeber von Gl\u00e4sern und Gl\u00e4nzen (Edition LexLiszt12, 2023).&nbsp;<\/p>\n\n\n\nngg_shortcode_0_placeholder\n\n\n\n<p>Fotos (c) Corinna Rettenegger<\/p>\n","protected":false},"excerpt":{"rendered":"<p>Am Donnerstag, 21. September 2023, waren bei uns die Gl\u00e4sernen Texte aus Wien, [&hellip;]<\/p>\n","protected":false},"author":1,"featured_media":0,"parent":17,"menu_order":0,"comment_status":"closed","ping_status":"closed","template":"","meta":{"ngg_post_thumbnail":0,"footnotes":""},"class_list":["post-204","page","type-page","status-publish","hentry"],"_links":{"self":[{"href":"https:\/\/zusammenlesen.mur.at\/index.php\/wp-json\/wp\/v2\/pages\/204","targetHints":{"allow":["GET"]}}],"collection":[{"href":"https:\/\/zusammenlesen.mur.at\/index.php\/wp-json\/wp\/v2\/pages"}],"about":[{"href":"https:\/\/zusammenlesen.mur.at\/index.php\/wp-json\/wp\/v2\/types\/page"}],"author":[{"embeddable":true,"href":"https:\/\/zusammenlesen.mur.at\/index.php\/wp-json\/wp\/v2\/users\/1"}],"replies":[{"embeddable":true,"href":"https:\/\/zusammenlesen.mur.at\/index.php\/wp-json\/wp\/v2\/comments?post=204"}],"version-history":[{"count":5,"href":"https:\/\/zusammenlesen.mur.at\/index.php\/wp-json\/wp\/v2\/pages\/204\/revisions"}],"predecessor-version":[{"id":233,"href":"https:\/\/zusammenlesen.mur.at\/index.php\/wp-json\/wp\/v2\/pages\/204\/revisions\/233"}],"up":[{"embeddable":true,"href":"https:\/\/zusammenlesen.mur.at\/index.php\/wp-json\/wp\/v2\/pages\/17"}],"wp:attachment":[{"href":"https:\/\/zusammenlesen.mur.at\/index.php\/wp-json\/wp\/v2\/media?parent=204"}],"curies":[{"name":"wp","href":"https:\/\/api.w.org\/{rel}","templated":true}]}}