{"id":2,"date":"2023-09-15T13:24:25","date_gmt":"2023-09-15T13:24:25","guid":{"rendered":"http:\/\/zusammenlesen.mur.at\/wordpress\/?page_id=2"},"modified":"2026-01-27T08:07:40","modified_gmt":"2026-01-27T08:07:40","slug":"sample-page","status":"publish","type":"page","link":"https:\/\/zusammenlesen.mur.at\/index.php\/sample-page\/","title":{"rendered":"\u00dcber zusammen lesen"},"content":{"rendered":"\n<figure class=\"wp-block-image size-large\"><img loading=\"lazy\" decoding=\"async\" width=\"1024\" height=\"683\" src=\"https:\/\/zusammenlesen.mur.at\/wp-content\/uploads\/2023\/09\/DSC_1586-1024x683.jpg\" alt=\"\" class=\"wp-image-14\" srcset=\"https:\/\/zusammenlesen.mur.at\/wp-content\/uploads\/2023\/09\/DSC_1586-1024x683.jpg 1024w, https:\/\/zusammenlesen.mur.at\/wp-content\/uploads\/2023\/09\/DSC_1586-300x200.jpg 300w, https:\/\/zusammenlesen.mur.at\/wp-content\/uploads\/2023\/09\/DSC_1586-768x512.jpg 768w, https:\/\/zusammenlesen.mur.at\/wp-content\/uploads\/2023\/09\/DSC_1586-1536x1024.jpg 1536w, https:\/\/zusammenlesen.mur.at\/wp-content\/uploads\/2023\/09\/DSC_1586-2048x1365.jpg 2048w\" sizes=\"auto, (max-width: 1024px) 100vw, 1024px\" \/><figcaption class=\"wp-element-caption\"><em>Gruppenfoto (v.li.) mit den Organisator*innen Klaus Stoertebeker und Julia Kna\u00df, sowie den Autor*innen Mario Huber, Katharina Pressl und Fiston Mwanza Mujila von zusammen lesen #5 (September 2023).<\/em> Foto: (c) Corinna Rettenegger.<\/figcaption><\/figure>\n\n\n\n<p>Mit der Lesereihe <em>zusammen lesen<\/em> schaffen wir seit 2022 in Graz einen Treffpunkt f\u00fcr an Gegenwartsliteratur interessierte Menschen. Wir verstehen Literatur als soziale Praxis des Austauschs, weswegen wir in unserem Format Autor*innen zueinander in Beziehung setzen und in Resonanz mit dem Publikum treten wollen. Durch solidarisches Miteinander und Niedrigschwelligkeit soll ein kollektiver Zusammenhang, ein Ort gemeinsamen Reflektierens, Vernetzens und Handelns entstehen.<br><br>Pro Lesung werden drei Autor*innen eingeladen. Im Anschluss an die Lesungen wird ein Gespr\u00e4ch mit den Lesenden \u00fcber ihre Texte und Schreibpraxis gef\u00fchrt. <br><br>Die Texte der Lesenden k\u00f6nnen mutig, innovativ, unkonventionell, anderssprachig und formoffen sein. Es ist alles erw\u00fcnscht, was sich in ca. 15 Minuten zur G\u00e4nze darbieten l\u00e4sst. Auf Ausz\u00fcge aus Romanen wollen wir allerdings verzichten, da diese im Literaturbetrieb \u00fcberrepr\u00e4sentiert sind.<\/p>\n\n\n\n<p>Gef\u00f6rdert durch das Bundesministerium f\u00fcr Kunst, Kultur, \u00f6ffentlicher Dienst und Sport, das Land Steiermark, und die Stadt Graz.<\/p>\n\n\n\n<p><img loading=\"lazy\" decoding=\"async\" width=\"150\" height=\"96\" class=\"wp-image-33\" style=\"width: 150px;\" src=\"https:\/\/zusammenlesen.mur.at\/wp-content\/uploads\/2023\/09\/A9_Kultur_Europa_Sport_SW-1.jpg\" alt=\"\" srcset=\"https:\/\/zusammenlesen.mur.at\/wp-content\/uploads\/2023\/09\/A9_Kultur_Europa_Sport_SW-1.jpg 1654w, https:\/\/zusammenlesen.mur.at\/wp-content\/uploads\/2023\/09\/A9_Kultur_Europa_Sport_SW-1-300x193.jpg 300w, https:\/\/zusammenlesen.mur.at\/wp-content\/uploads\/2023\/09\/A9_Kultur_Europa_Sport_SW-1-1024x658.jpg 1024w, https:\/\/zusammenlesen.mur.at\/wp-content\/uploads\/2023\/09\/A9_Kultur_Europa_Sport_SW-1-768x494.jpg 768w, https:\/\/zusammenlesen.mur.at\/wp-content\/uploads\/2023\/09\/A9_Kultur_Europa_Sport_SW-1-1536x987.jpg 1536w\" sizes=\"auto, (max-width: 150px) 100vw, 150px\" \/><img loading=\"lazy\" decoding=\"async\" width=\"150\" height=\"41\" class=\"wp-image-28\" style=\"width: 150px;\" src=\"https:\/\/zusammenlesen.mur.at\/wp-content\/uploads\/2023\/09\/GRAZ_strich_schwarz_jpg.jpg\" alt=\"\" srcset=\"https:\/\/zusammenlesen.mur.at\/wp-content\/uploads\/2023\/09\/GRAZ_strich_schwarz_jpg.jpg 639w, https:\/\/zusammenlesen.mur.at\/wp-content\/uploads\/2023\/09\/GRAZ_strich_schwarz_jpg-300x83.jpg 300w\" sizes=\"auto, (max-width: 150px) 100vw, 150px\" \/><img loading=\"lazy\" decoding=\"async\" width=\"150\" height=\"40\" class=\"wp-image-29\" style=\"width: 150px;\" src=\"https:\/\/zusammenlesen.mur.at\/wp-content\/uploads\/2023\/09\/BMKOES_Logo_schwarz.jpg\" alt=\"\" srcset=\"https:\/\/zusammenlesen.mur.at\/wp-content\/uploads\/2023\/09\/BMKOES_Logo_schwarz.jpg 1723w, https:\/\/zusammenlesen.mur.at\/wp-content\/uploads\/2023\/09\/BMKOES_Logo_schwarz-300x81.jpg 300w, https:\/\/zusammenlesen.mur.at\/wp-content\/uploads\/2023\/09\/BMKOES_Logo_schwarz-1024x275.jpg 1024w, https:\/\/zusammenlesen.mur.at\/wp-content\/uploads\/2023\/09\/BMKOES_Logo_schwarz-768x206.jpg 768w, https:\/\/zusammenlesen.mur.at\/wp-content\/uploads\/2023\/09\/BMKOES_Logo_schwarz-1536x413.jpg 1536w\" sizes=\"auto, (max-width: 150px) 100vw, 150px\" \/><br><\/p>\n\n\n\n<p><em>zusammen lesen<\/em> ist Teil der <a href=\"https:\/\/www.lesereihen.org\">Unabh\u00e4ngigen Lesereihen<\/a>.<\/p>\n\n\n<div class=\"wp-block-image\">\n<figure class=\"aligncenter size-full\"><img loading=\"lazy\" decoding=\"async\" width=\"240\" height=\"240\" src=\"https:\/\/zusammenlesen.mur.at\/wp-content\/uploads\/2023\/09\/logo-UL.jpg\" alt=\"\" class=\"wp-image-235\" srcset=\"https:\/\/zusammenlesen.mur.at\/wp-content\/uploads\/2023\/09\/logo-UL.jpg 240w, https:\/\/zusammenlesen.mur.at\/wp-content\/uploads\/2023\/09\/logo-UL-150x150.jpg 150w\" sizes=\"auto, (max-width: 240px) 100vw, 240px\" \/><\/figure>\n<\/div>\n\n\n<p><strong>Kontakt<\/strong><\/p>\n\n\n\n<p>Klaus Stoertebeker \/ Julia Kna\u00df<br>Mail: <a href=\"mailto:redaktion@zusammenlesen.mur.at\">redaktion@zusammenlesen.mur.at<\/a> <\/p>\n","protected":false},"excerpt":{"rendered":"<p>Mit der Lesereihe zusammen lesen schaffen wir seit 2022 in Graz einen Treffpunkt [&hellip;]<\/p>\n","protected":false},"author":1,"featured_media":0,"parent":0,"menu_order":0,"comment_status":"closed","ping_status":"open","template":"","meta":{"ngg_post_thumbnail":0,"footnotes":""},"class_list":["post-2","page","type-page","status-publish","hentry"],"_links":{"self":[{"href":"https:\/\/zusammenlesen.mur.at\/index.php\/wp-json\/wp\/v2\/pages\/2","targetHints":{"allow":["GET"]}}],"collection":[{"href":"https:\/\/zusammenlesen.mur.at\/index.php\/wp-json\/wp\/v2\/pages"}],"about":[{"href":"https:\/\/zusammenlesen.mur.at\/index.php\/wp-json\/wp\/v2\/types\/page"}],"author":[{"embeddable":true,"href":"https:\/\/zusammenlesen.mur.at\/index.php\/wp-json\/wp\/v2\/users\/1"}],"replies":[{"embeddable":true,"href":"https:\/\/zusammenlesen.mur.at\/index.php\/wp-json\/wp\/v2\/comments?post=2"}],"version-history":[{"count":7,"href":"https:\/\/zusammenlesen.mur.at\/index.php\/wp-json\/wp\/v2\/pages\/2\/revisions"}],"predecessor-version":[{"id":648,"href":"https:\/\/zusammenlesen.mur.at\/index.php\/wp-json\/wp\/v2\/pages\/2\/revisions\/648"}],"wp:attachment":[{"href":"https:\/\/zusammenlesen.mur.at\/index.php\/wp-json\/wp\/v2\/media?parent=2"}],"curies":[{"name":"wp","href":"https:\/\/api.w.org\/{rel}","templated":true}]}}

Über zusammen lesen

<figure class="wp-block-image size-large"><img loading="lazy" decoding="async" width="1024" height="683" src="https://zusammenlesen.mur.at/wp-content/uploads/2023/09/DSC_1586-1024x683.jpg" alt="" class="wp-image-14" srcset="https://zusammenlesen.mur.at/wp-content/uploads/2023/09/DSC_1586-1024x683.jpg 1024w, https://zusammenlesen.mur.at/wp-content/uploads/2023/09/DSC_1586-300x200.jpg 300w, https://zusammenlesen.mur.at/wp-content/uploads/2023/09/DSC_1586-768x512.jpg 768w, https://zusammenlesen.mur.at/wp-content/uploads/2023/09/DSC_1586-1536x1024.jpg 1536w, https://zusammenlesen.mur.at/wp-content/uploads/2023/09/DSC_1586-2048x1365.jpg 2048w" sizes="auto, (max-width: 1024px) 100vw, 1024px" /><figcaption class="wp-element-caption"><em>Gruppenfoto (v.li.) mit den Organisator*innen Klaus Stoertebeker und Julia Knaß, sowie den Autor*innen Mario Huber, Katharina Pressl und Fiston Mwanza Mujila von zusammen lesen #5 (September 2023).</em> Foto: (c) Corinna Rettenegger.</figcaption></figure>



<p>Mit der Lesereihe <em>zusammen lesen</em> schaffen wir seit 2022 in Graz einen Treffpunkt für an Gegenwartsliteratur interessierte Menschen. Wir verstehen Literatur als soziale Praxis des Austauschs, weswegen wir in unserem Format Autor*innen zueinander in Beziehung setzen und in Resonanz mit dem Publikum treten wollen. Durch solidarisches Miteinander und Niedrigschwelligkeit soll ein kollektiver Zusammenhang, ein Ort gemeinsamen Reflektierens, Vernetzens und Handelns entstehen.<br><br>Pro Lesung werden drei Autor*innen eingeladen. Im Anschluss an die Lesungen wird ein Gespräch mit den Lesenden über ihre Texte und Schreibpraxis geführt. <br><br>Die Texte der Lesenden können mutig, innovativ, unkonventionell, anderssprachig und formoffen sein. Es ist alles erwünscht, was sich in ca. 15 Minuten zur Gänze darbieten lässt. Auf Auszüge aus Romanen wollen wir allerdings verzichten, da diese im Literaturbetrieb überrepräsentiert sind.</p>



<p>Gefördert durch das Bundesministerium für Kunst, Kultur, öffentlicher Dienst und Sport, das Land Steiermark, und die Stadt Graz.</p>



<p><img loading="lazy" decoding="async" width="150" height="96" class="wp-image-33" style="width: 150px;" src="https://zusammenlesen.mur.at/wp-content/uploads/2023/09/A9_Kultur_Europa_Sport_SW-1.jpg" alt="" srcset="https://zusammenlesen.mur.at/wp-content/uploads/2023/09/A9_Kultur_Europa_Sport_SW-1.jpg 1654w, https://zusammenlesen.mur.at/wp-content/uploads/2023/09/A9_Kultur_Europa_Sport_SW-1-300x193.jpg 300w, https://zusammenlesen.mur.at/wp-content/uploads/2023/09/A9_Kultur_Europa_Sport_SW-1-1024x658.jpg 1024w, https://zusammenlesen.mur.at/wp-content/uploads/2023/09/A9_Kultur_Europa_Sport_SW-1-768x494.jpg 768w, https://zusammenlesen.mur.at/wp-content/uploads/2023/09/A9_Kultur_Europa_Sport_SW-1-1536x987.jpg 1536w" sizes="auto, (max-width: 150px) 100vw, 150px" /><img loading="lazy" decoding="async" width="150" height="41" class="wp-image-28" style="width: 150px;" src="https://zusammenlesen.mur.at/wp-content/uploads/2023/09/GRAZ_strich_schwarz_jpg.jpg" alt="" srcset="https://zusammenlesen.mur.at/wp-content/uploads/2023/09/GRAZ_strich_schwarz_jpg.jpg 639w, https://zusammenlesen.mur.at/wp-content/uploads/2023/09/GRAZ_strich_schwarz_jpg-300x83.jpg 300w" sizes="auto, (max-width: 150px) 100vw, 150px" /><img loading="lazy" decoding="async" width="150" height="40" class="wp-image-29" style="width: 150px;" src="https://zusammenlesen.mur.at/wp-content/uploads/2023/09/BMKOES_Logo_schwarz.jpg" alt="" srcset="https://zusammenlesen.mur.at/wp-content/uploads/2023/09/BMKOES_Logo_schwarz.jpg 1723w, https://zusammenlesen.mur.at/wp-content/uploads/2023/09/BMKOES_Logo_schwarz-300x81.jpg 300w, https://zusammenlesen.mur.at/wp-content/uploads/2023/09/BMKOES_Logo_schwarz-1024x275.jpg 1024w, https://zusammenlesen.mur.at/wp-content/uploads/2023/09/BMKOES_Logo_schwarz-768x206.jpg 768w, https://zusammenlesen.mur.at/wp-content/uploads/2023/09/BMKOES_Logo_schwarz-1536x413.jpg 1536w" sizes="auto, (max-width: 150px) 100vw, 150px" /><br></p>



<p><em>zusammen lesen</em> ist Teil der <a href="https://www.lesereihen.org">Unabhängigen Lesereihen</a>.</p>


<div class="wp-block-image">
<figure class="aligncenter size-full"><img loading="lazy" decoding="async" width="240" height="240" src="https://zusammenlesen.mur.at/wp-content/uploads/2023/09/logo-UL.jpg" alt="" class="wp-image-235" srcset="https://zusammenlesen.mur.at/wp-content/uploads/2023/09/logo-UL.jpg 240w, https://zusammenlesen.mur.at/wp-content/uploads/2023/09/logo-UL-150x150.jpg 150w" sizes="auto, (max-width: 240px) 100vw, 240px" /></figure>
</div>


<p><strong>Kontakt</strong></p>



<p>Klaus Stoertebeker / Julia Knaß<br>Mail: <a href="mailto:redaktion@zusammenlesen.mur.at">redaktion@zusammenlesen.mur.at</a> </p>
